{"id":54456,"date":"2026-08-21T13:09:04","date_gmt":"2026-08-21T13:09:04","guid":{"rendered":"https:\/\/zonaimmo.com\/viviendas-costa-brava\/%property_action_category%\/%property_city%\/%property_area%\/%property_category%\/54456\/"},"modified":"2026-08-21T14:06:12","modified_gmt":"2026-08-21T14:06:12","slug":"apartament-amb-piscina-comunitaria","status":"publish","type":"estate_property","link":"https:\/\/zonaimmo.com\/ca\/vivendes-costa-brava\/en-venda\/lescala-ca\/camp-dels-pilans\/apartament-amb-piscina\/54456\/","title":{"rendered":"Apartament amb piscina comunit\u00e0ria"},"content":{"rendered":"<p>Apartament en venda a L\u2019ESCALA \u2013 Camp dels Pilans<\/p>\n<p>Apartament impecable, situat al Camp dels Pilans \u2013 Les Corts, una zona residencial tranquil\u00b7la de L\u2019Escala, a nom\u00e9s 600 metres de les platges d\u2019Emp\u00faries.<\/p>\n<p>L\u2019habitatge, situat en una segona planta amb ascensor, disposa de:<\/p>\n<p>&#8211; 2 habitacions dobles<br \/>\n&#8211; 1 bany complet amb banyera<br \/>\n&#8211; Cuina equipada amb sortida a balc\u00f3<br \/>\n&#8211; Sal\u00f3-menjador amb acc\u00e9s a terrassa<br \/>\n&#8211; Terrassa amb vistes<br \/>\n&#8211; Aire condicionat<br \/>\n&#8211; Moblat<br \/>\n&#8211; Pla\u00e7a de p\u00e0rquing interior<\/p>\n<p>La finca compta amb jard\u00ed i piscina comunitaris, ideals per gaudir dels mesos d\u2019estiu.<\/p>\n<p>A m\u00e9s, disposa de supermercats i gasolineres a uns 100 metres, oferint comoditat i serveis a prop de casa.<\/p>\n<p>Una bona oportunitat per disposar d\u2019un apartament a prop del mar, en un entorn tranquil i amb piscina i aparcament.<\/p>\n","protected":false},"excerpt":{"rendered":"<p>Apartament en venda a L\u2019ESCALA \u2013 Camp dels Pilans Apartament impecable, situat al Camp dels Pilans \u2013 Les Corts, una zona residencial tranquil\u00b7la de L\u2019Escala, a nom\u00e9s 600 metres de les platges d\u2019Emp\u00faries. L\u2019habitatge, situat en una segona planta amb ascensor, disposa de: &#8211; 2 habitacions dobles &#8211; 1 bany complet amb banyera &#8211; Cuina equipada amb sortida a balc\u00f3 &#8211; Sal\u00f3-menjador amb acc\u00e9s &#8230;<\/p>\n","protected":false},"featured_media":54364,"comment_status":"closed","ping_status":"closed","template":"","property_category":[75],"property_action_category":[97],"property_city":[105],"property_area":[311],"property_county_state":[],"property_features":[147,153,156,162,168,171,150,204,177,178,183],"property_status":[189],"class_list":["post-54456","estate_property","type-estate_property","status-publish","has-post-thumbnail","hentry","property_category-apartament-amb-piscina","property_action_category-en-venda","property_city-lescala-ca","property_area-camp-dels-pilans","property_features-aire-acondicionat","property_features-ascensor-ca","property_features-balco","property_features-calefaccio","property_features-cuina-equipada","property_features-jardi","property_features-moblat","property_features-parking-garatge","property_features-piscina-ca","property_features-piscina-privada-ca","property_features-terrassa","property_status-novetat"],"_links":{"self":[{"href":"https:\/\/zonaimmo.com\/ca\/wp-json\/wp\/v2\/estate_property\/54456","targetHints":{"allow":["GET"]}}],"collection":[{"href":"https:\/\/zonaimmo.com\/ca\/wp-json\/wp\/v2\/estate_property"}],"about":[{"href":"https:\/\/zonaimmo.com\/ca\/wp-json\/wp\/v2\/types\/estate_property"}],"replies":[{"embeddable":true,"href":"https:\/\/zonaimmo.com\/ca\/wp-json\/wp\/v2\/comments?post=54456"}],"wp:featuredmedia":[{"embeddable":true,"href":"https:\/\/zonaimmo.com\/ca\/wp-json\/wp\/v2\/media\/54364"}],"wp:attachment":[{"href":"https:\/\/zonaimmo.com\/ca\/wp-json\/wp\/v2\/media?parent=54456"}],"wp:term":[{"taxonomy":"property_category","embeddable":true,"href":"https:\/\/zonaimmo.com\/ca\/wp-json\/wp\/v2\/property_category?post=54456"},{"taxonomy":"property_action_category","embeddable":true,"href":"https:\/\/zonaimmo.com\/ca\/wp-json\/wp\/v2\/property_action_category?post=54456"},{"taxonomy":"property_city","embeddable":true,"href":"https:\/\/zonaimmo.com\/ca\/wp-json\/wp\/v2\/property_city?post=54456"},{"taxonomy":"property_area","embeddable":true,"href":"https:\/\/zonaimmo.com\/ca\/wp-json\/wp\/v2\/property_area?post=54456"},{"taxonomy":"property_county_state","embeddable":true,"href":"https:\/\/zonaimmo.com\/ca\/wp-json\/wp\/v2\/property_county_state?post=54456"},{"taxonomy":"property_features","embeddable":true,"href":"https:\/\/zonaimmo.com\/ca\/wp-json\/wp\/v2\/property_features?post=54456"},{"taxonomy":"property_status","embeddable":true,"href":"https:\/\/zonaimmo.com\/ca\/wp-json\/wp\/v2\/property_status?post=54456"}],"curies":[{"name":"wp","href":"https:\/\/api.w.org\/{rel}","templated":true}]}}

Apartament amb piscina comunitària

<p>Apartament en venda a L’ESCALA – Camp dels Pilans</p>
<p>Apartament impecable, situat al Camp dels Pilans – Les Corts, una zona residencial tranquil·la de L’Escala, a només 600 metres de les platges d’Empúries.</p>
<p>L’habitatge, situat en una segona planta amb ascensor, disposa de:</p>
<p>&#8211; 2 habitacions dobles<br />
&#8211; 1 bany complet amb banyera<br />
&#8211; Cuina equipada amb sortida a balcó<br />
&#8211; Saló-menjador amb accés a terrassa<br />
&#8211; Terrassa amb vistes<br />
&#8211; Aire condicionat<br />
&#8211; Moblat<br />
&#8211; Plaça de pàrquing interior</p>
<p>La finca compta amb jardí i piscina comunitaris, ideals per gaudir dels mesos d’estiu.</p>
<p>A més, disposa de supermercats i gasolineres a uns 100 metres, oferint comoditat i serveis a prop de casa.</p>
<p>Una bona oportunitat per disposar d’un apartament a prop del mar, en un entorn tranquil i amb piscina i aparcament.</p>

<p>Apartament en venda a L’ESCALA – Camp dels Pilans Apartament impecable, situat al Camp dels Pilans – Les Corts, una zona residencial tranquil·la de L’Escala, a només 600 metres de les platges d’Empúries. L’habitatge, situat en una segona planta amb ascensor, disposa de: &#8211; 2 habitacions dobles &#8211; 1 bany complet amb banyera &#8211; Cuina equipada amb sortida a balcó &#8211; Saló-menjador amb accés &#8230;</p>
