{"id":54635,"date":"2026-08-28T14:29:45","date_gmt":"2026-08-28T14:29:45","guid":{"rendered":"https:\/\/zonaimmo.com\/viviendas-costa-brava\/%property_action_category%\/%property_city%\/%property_area%\/%property_category%\/54635\/"},"modified":"2026-08-28T14:37:39","modified_gmt":"2026-08-28T14:37:39","slug":"apartamento-con-vistas-al-mar-a-100-m-de-la-playa","status":"publish","type":"estate_property","link":"https:\/\/zonaimmo.com\/ca\/vivendes-costa-brava\/en-venda\/lescala-ca\/riells-ca\/apartament\/54635\/","title":{"rendered":"Apartament amb vistes al mar a 100 m de la platja"},"content":{"rendered":"<p><strong>Estudi reformat a RIELLS amb vistes al mar \u2013 A nom\u00e9s 100 metres de la platja<\/strong><\/p>\n<p>Hi ha petits immobles que enamoren per la seva ubicaci\u00f3. Aquest estudi n\u2019\u00e9s un bon exemple.<\/p>\n<p>Situat al cor de Riells, a nom\u00e9s 100 metres de la platja i del passeig mar\u00edtim, aquest estudi de 21 m\u00b2 ha estat reformat per oferir un espai pr\u00e0ctic, funcional i llest per entrar-hi a viure.<\/p>\n<p>L\u2019habitatge disposa d\u2019un \u00fanic ambient que integra la sala d\u2019estar, la cuina i la zona de dormitori, a m\u00e9s d\u2019un bany complet. Tamb\u00e9 disposa d\u2019un petit balc\u00f3 que aporta llum natural i permet gaudir d\u2019unes agradables vistes al mar, un detall que dona personalitat a l\u2019habitatge.<\/p>\n<p><strong>Punts que el fan especial:<\/strong><\/p>\n<ul>\n<li>Estudi reformat.<\/li>\n<li>Vistes al mar.<\/li>\n<li>A nom\u00e9s 100 metres de la platja de Riells.<\/li>\n<li>Al costat de comer\u00e7os, restaurants i tots els serveis.<\/li>\n<li>\u00c0mplia zona d\u2019aparcament a nom\u00e9s 10 metres de l\u2019edifici.<\/li>\n<\/ul>\n<p>Una opci\u00f3 ideal com a segona resid\u00e8ncia, per gaudir dels caps de setmana a la Costa Brava o com a inversi\u00f3 en una de les zones m\u00e9s demandades de L\u2019Escala.<\/p>\n<p><strong>Petit en metres. Gran en ubicaci\u00f3.<\/strong><\/p>\n","protected":false},"excerpt":{"rendered":"<p>Estudi reformat a RIELLS amb vistes al mar \u2013 A nom\u00e9s 100 metres de la platja Hi ha petits immobles que enamoren per la seva ubicaci\u00f3. Aquest estudi n\u2019\u00e9s un bon exemple. Situat al cor de Riells, a nom\u00e9s 100 metres de la platja i del passeig mar\u00edtim, aquest estudi de 21 m\u00b2 ha estat reformat per oferir un espai pr\u00e0ctic, funcional i llest &#8230;<\/p>\n","protected":false},"featured_media":54642,"comment_status":"closed","ping_status":"closed","template":"","property_category":[72],"property_action_category":[97],"property_city":[105],"property_area":[129],"property_county_state":[],"property_features":[156,168,201,186],"property_status":[198],"class_list":["post-54635","estate_property","type-estate_property","status-publish","has-post-thumbnail","hentry","property_category-apartament","property_action_category-en-venda","property_city-lescala-ca","property_area-riells-ca","property_features-balco","property_features-cuina-equipada","property_features-cuina-oberta","property_features-vista-al-mar-ca","property_status-venut"],"_links":{"self":[{"href":"https:\/\/zonaimmo.com\/ca\/wp-json\/wp\/v2\/estate_property\/54635","targetHints":{"allow":["GET"]}}],"collection":[{"href":"https:\/\/zonaimmo.com\/ca\/wp-json\/wp\/v2\/estate_property"}],"about":[{"href":"https:\/\/zonaimmo.com\/ca\/wp-json\/wp\/v2\/types\/estate_property"}],"replies":[{"embeddable":true,"href":"https:\/\/zonaimmo.com\/ca\/wp-json\/wp\/v2\/comments?post=54635"}],"wp:featuredmedia":[{"embeddable":true,"href":"https:\/\/zonaimmo.com\/ca\/wp-json\/wp\/v2\/media\/54642"}],"wp:attachment":[{"href":"https:\/\/zonaimmo.com\/ca\/wp-json\/wp\/v2\/media?parent=54635"}],"wp:term":[{"taxonomy":"property_category","embeddable":true,"href":"https:\/\/zonaimmo.com\/ca\/wp-json\/wp\/v2\/property_category?post=54635"},{"taxonomy":"property_action_category","embeddable":true,"href":"https:\/\/zonaimmo.com\/ca\/wp-json\/wp\/v2\/property_action_category?post=54635"},{"taxonomy":"property_city","embeddable":true,"href":"https:\/\/zonaimmo.com\/ca\/wp-json\/wp\/v2\/property_city?post=54635"},{"taxonomy":"property_area","embeddable":true,"href":"https:\/\/zonaimmo.com\/ca\/wp-json\/wp\/v2\/property_area?post=54635"},{"taxonomy":"property_county_state","embeddable":true,"href":"https:\/\/zonaimmo.com\/ca\/wp-json\/wp\/v2\/property_county_state?post=54635"},{"taxonomy":"property_features","embeddable":true,"href":"https:\/\/zonaimmo.com\/ca\/wp-json\/wp\/v2\/property_features?post=54635"},{"taxonomy":"property_status","embeddable":true,"href":"https:\/\/zonaimmo.com\/ca\/wp-json\/wp\/v2\/property_status?post=54635"}],"curies":[{"name":"wp","href":"https:\/\/api.w.org\/{rel}","templated":true}]}}

<p><strong>Estudi reformat a RIELLS amb vistes al mar – A només 100 metres de la platja</strong></p>
<p>Hi ha petits immobles que enamoren per la seva ubicació. Aquest estudi n’és un bon exemple.</p>
<p>Situat al cor de Riells, a només 100 metres de la platja i del passeig marítim, aquest estudi de 21 m² ha estat reformat per oferir un espai pràctic, funcional i llest per entrar-hi a viure.</p>
<p>L’habitatge disposa d’un únic ambient que integra la sala d’estar, la cuina i la zona de dormitori, a més d’un bany complet. També disposa d’un petit balcó que aporta llum natural i permet gaudir d’unes agradables vistes al mar, un detall que dona personalitat a l’habitatge.</p>
<p><strong>Punts que el fan especial:</strong></p>
<ul>
<li>Estudi reformat.</li>
<li>Vistes al mar.</li>
<li>A només 100 metres de la platja de Riells.</li>
<li>Al costat de comerços, restaurants i tots els serveis.</li>
<li>Àmplia zona d’aparcament a només 10 metres de l’edifici.</li>
</ul>
<p>Una opció ideal com a segona residència, per gaudir dels caps de setmana a la Costa Brava o com a inversió en una de les zones més demandades de L’Escala.</p>
<p><strong>Petit en metres. Gran en ubicació.</strong></p>

<p>Estudi reformat a RIELLS amb vistes al mar – A només 100 metres de la platja Hi ha petits immobles que enamoren per la seva ubicació. Aquest estudi n’és un bon exemple. Situat al cor de Riells, a només 100 metres de la platja i del passeig marítim, aquest estudi de 21 m² ha estat reformat per oferir un espai pràctic, funcional i llest &#8230;</p>
