{"id":54661,"date":"2025-04-30T06:54:58","date_gmt":"2025-04-30T06:54:58","guid":{"rendered":"https:\/\/zonaimmo.com\/viviendas-costa-brava\/%property_action_category%\/%property_city%\/%property_area%\/%property_category%\/54661\/"},"modified":"2026-09-01T09:39:27","modified_gmt":"2026-09-01T09:39:27","slug":"apartamento-a-100-m-de-la-playa-2","status":"publish","type":"estate_property","link":"https:\/\/zonaimmo.com\/ca\/vivendes-costa-brava\/en-venda\/lestartit-ca\/els-griells-ca\/apartament-amb-piscina\/54661\/","title":{"rendered":"Apartament a 100m de la platja a L&#8217;Estartit"},"content":{"rendered":"<p>\ud83c\udfd6 Apartament en Venda a L\u2019Estartit \u2013 Urbanitzaci\u00f3 Els Griells \ud83c\udfe1<br \/>\nA nom\u00e9s 100 metres de la platja i amb espectaculars vistes a les Illes Medes!<\/p>\n<p>\ud83d\udcd0 Superf\u00edcie total: 75 m\u00b2 distribu\u00efts en 2 nivells<\/p>\n<p>\u2728 Distribuci\u00f3:<br \/>\n\ud83d\udd39 Primer nivell (51 m\u00b2):<\/p>\n<p>Llumin\u00f3s sal\u00f3-menjador<\/p>\n<p>Cuina equipada<\/p>\n<p>2 dormitoris<\/p>\n<p>1 bany complet<\/p>\n<p>Terrassa-balc\u00f3 de 6 m\u00b2 ideal per esmorzars a l&#8217;aire lliure<\/p>\n<p>\ud83d\udd39 Segon nivell (14 m\u00b2):<\/p>\n<p>Dormitori doble amb sortida a una \u00e0mplia terrassa-sol\u00e0rium de 38 m\u00b2<\/p>\n<p>Barbacoa integrada, perfecta per gaudir de menjars al sol<\/p>\n<p>\ud83d\udecb Es ven moblat i totalment equipat \u2013 A punt per entrar a viure o rendibilitzar com a inversi\u00f3!<\/p>\n<p>\ud83c\udfca\u200d\u2642\ufe0f Zona comunit\u00e0ria amb piscina privada per gaudir de l&#8217;estiu sense sortir de casa.<\/p>\n<p>\ud83d\udccd Ubicat en una de les millors zones de L\u2019Estartit, tranquil\u00b7la i molt propera a la platja, ideal per a fam\u00edlies, amants del mar o com a segona resid\u00e8ncia.<\/p>\n<p>\ud83d\udcac Per a m\u00e9s informaci\u00f3 o concertar una visita, no dubtis a contactar-nos!<\/p>\n","protected":false},"excerpt":{"rendered":"<p>\ud83c\udfd6 Apartament en Venda a L\u2019Estartit \u2013 Urbanitzaci\u00f3 Els Griells \ud83c\udfe1 A nom\u00e9s 100 metres de la platja i amb espectaculars vistes a les Illes Medes! \ud83d\udcd0 Superf\u00edcie total: 75 m\u00b2 distribu\u00efts en 2 nivells \u2728 Distribuci\u00f3: \ud83d\udd39 Primer nivell (51 m\u00b2): Llumin\u00f3s sal\u00f3-menjador Cuina equipada 2 dormitoris 1 bany complet Terrassa-balc\u00f3 de 6 m\u00b2 ideal per esmorzars a l&#8217;aire lliure \ud83d\udd39 Segon nivell &#8230;<\/p>\n","protected":false},"featured_media":53017,"comment_status":"closed","ping_status":"closed","template":"","property_category":[75],"property_action_category":[97],"property_city":[109],"property_area":[121],"property_county_state":[],"property_features":[156,159,168,150,177,183],"property_status":[198],"class_list":["post-54661","estate_property","type-estate_property","status-publish","has-post-thumbnail","hentry","property_category-apartament-amb-piscina","property_action_category-en-venda","property_city-lestartit-ca","property_area-els-griells-ca","property_features-balco","property_features-barbacoa-ca","property_features-cuina-equipada","property_features-moblat","property_features-piscina-ca","property_features-terrassa","property_status-venut"],"_links":{"self":[{"href":"https:\/\/zonaimmo.com\/ca\/wp-json\/wp\/v2\/estate_property\/54661","targetHints":{"allow":["GET"]}}],"collection":[{"href":"https:\/\/zonaimmo.com\/ca\/wp-json\/wp\/v2\/estate_property"}],"about":[{"href":"https:\/\/zonaimmo.com\/ca\/wp-json\/wp\/v2\/types\/estate_property"}],"replies":[{"embeddable":true,"href":"https:\/\/zonaimmo.com\/ca\/wp-json\/wp\/v2\/comments?post=54661"}],"wp:featuredmedia":[{"embeddable":true,"href":"https:\/\/zonaimmo.com\/ca\/wp-json\/wp\/v2\/media\/53017"}],"wp:attachment":[{"href":"https:\/\/zonaimmo.com\/ca\/wp-json\/wp\/v2\/media?parent=54661"}],"wp:term":[{"taxonomy":"property_category","embeddable":true,"href":"https:\/\/zonaimmo.com\/ca\/wp-json\/wp\/v2\/property_category?post=54661"},{"taxonomy":"property_action_category","embeddable":true,"href":"https:\/\/zonaimmo.com\/ca\/wp-json\/wp\/v2\/property_action_category?post=54661"},{"taxonomy":"property_city","embeddable":true,"href":"https:\/\/zonaimmo.com\/ca\/wp-json\/wp\/v2\/property_city?post=54661"},{"taxonomy":"property_area","embeddable":true,"href":"https:\/\/zonaimmo.com\/ca\/wp-json\/wp\/v2\/property_area?post=54661"},{"taxonomy":"property_county_state","embeddable":true,"href":"https:\/\/zonaimmo.com\/ca\/wp-json\/wp\/v2\/property_county_state?post=54661"},{"taxonomy":"property_features","embeddable":true,"href":"https:\/\/zonaimmo.com\/ca\/wp-json\/wp\/v2\/property_features?post=54661"},{"taxonomy":"property_status","embeddable":true,"href":"https:\/\/zonaimmo.com\/ca\/wp-json\/wp\/v2\/property_status?post=54661"}],"curies":[{"name":"wp","href":"https:\/\/api.w.org\/{rel}","templated":true}]}}

<p>🏖 Apartament en Venda a L’Estartit – Urbanització Els Griells 🏡<br />
A només 100 metres de la platja i amb espectaculars vistes a les Illes Medes!</p>
<p>📐 Superfície total: 75 m² distribuïts en 2 nivells</p>
<p>✨ Distribució:<br />
🔹 Primer nivell (51 m²):</p>
<p>Lluminós saló-menjador</p>
<p>Cuina equipada</p>
<p>2 dormitoris</p>
<p>1 bany complet</p>
<p>Terrassa-balcó de 6 m² ideal per esmorzars a l&#8217;aire lliure</p>
<p>🔹 Segon nivell (14 m²):</p>
<p>Dormitori doble amb sortida a una àmplia terrassa-solàrium de 38 m²</p>
<p>Barbacoa integrada, perfecta per gaudir de menjars al sol</p>
<p>🛋 Es ven moblat i totalment equipat – A punt per entrar a viure o rendibilitzar com a inversió!</p>
<p>🏊‍♂️ Zona comunitària amb piscina privada per gaudir de l&#8217;estiu sense sortir de casa.</p>
<p>📍 Ubicat en una de les millors zones de L’Estartit, tranquil·la i molt propera a la platja, ideal per a famílies, amants del mar o com a segona residència.</p>
<p>💬 Per a més informació o concertar una visita, no dubtis a contactar-nos!</p>

<p>🏖 Apartament en Venda a L’Estartit – Urbanització Els Griells 🏡 A només 100 metres de la platja i amb espectaculars vistes a les Illes Medes! 📐 Superfície total: 75 m² distribuïts en 2 nivells ✨ Distribució: 🔹 Primer nivell (51 m²): Lluminós saló-menjador Cuina equipada 2 dormitoris 1 bany complet Terrassa-balcó de 6 m² ideal per esmorzars a l&#8217;aire lliure 🔹 Segon nivell &#8230;</p>
